{"id":177,"date":"2025-10-27T18:03:25","date_gmt":"2025-10-27T17:03:25","guid":{"rendered":"https:\/\/atelierdutissu.fr\/?post_type=product&#038;p=177"},"modified":"2025-10-27T18:03:25","modified_gmt":"2025-10-27T17:03:25","slug":"cape-de-bain-liberty","status":"publish","type":"product","link":"https:\/\/atelierdutissu.fr\/index.php\/produit\/cape-de-bain-liberty\/","title":{"rendered":"Cape de bain Liberty"},"content":{"rendered":"<p><span style=\"color: #947359;\"><strong>Offrez \u00e0 votre tout-petit un moment de douceur apr\u00e8s le bain.<\/strong><\/span><\/p>\n<p><span style=\"color: #947359;\">Cette cape de bain personnalis\u00e9e est confectionn\u00e9e avec soin dans une \u00e9ponge moelleuse certifi\u00e9e Oeko-tex, respectueuse de la peau d\u00e9licate des b\u00e9b\u00e9s.<\/span><\/p>\n<ul>\n<li><span style=\"color: #947359;\"><strong>Dimensions 90 x 90cm<\/strong> (id\u00e9ale d\u00e8s la naissance)<\/span><\/li>\n<li><span style=\"color: #947359;\">Eponge douce et absorbante<\/span><\/li>\n<li><span style=\"color: #947359;\">Tissu coton <strong>Liberty<\/strong><\/span><\/li>\n<li><span style=\"color: #947359;\"><strong>Broderie du pr\u00e9nom <\/strong>pour une touche unique et pleine de tendresse<\/span><\/li>\n<\/ul>\n<p><span style=\"color: #947359;\">Un cadeau parfait pour une naissance, un Bapt\u00eame ou simplement pour se faire plaisir!<\/span><\/p>\n<p>&nbsp;<\/p>\n","protected":false},"excerpt":{"rendered":"<p>Offrez \u00e0 votre tout-petit un moment de douceur apr\u00e8s le bain. Cette cape de bain personnalis\u00e9e est confectionn\u00e9e avec soin dans une \u00e9ponge moelleuse certifi\u00e9e Oeko-tex, respectueuse de la peau d\u00e9licate des b\u00e9b\u00e9s. Dimensions 90 x 90cm (id\u00e9ale d\u00e8s la naissance) Eponge douce et absorbante Tissu coton Liberty Broderie du pr\u00e9nom pour une touche unique [&hellip;]<\/p>\n","protected":false},"featured_media":217,"comment_status":"open","ping_status":"closed","template":"","meta":[],"product_brand":[],"product_cat":[19],"product_tag":[],"class_list":{"0":"post-177","1":"product","2":"type-product","3":"status-publish","4":"has-post-thumbnail","6":"product_cat-cape-de-bain","8":"first","9":"instock","10":"taxable","11":"shipping-taxable","12":"purchasable","13":"product-type-simple"},"jetpack_sharing_enabled":true,"_links":{"self":[{"href":"https:\/\/atelierdutissu.fr\/index.php\/wp-json\/wp\/v2\/product\/177","targetHints":{"allow":["GET"]}}],"collection":[{"href":"https:\/\/atelierdutissu.fr\/index.php\/wp-json\/wp\/v2\/product"}],"about":[{"href":"https:\/\/atelierdutissu.fr\/index.php\/wp-json\/wp\/v2\/types\/product"}],"replies":[{"embeddable":true,"href":"https:\/\/atelierdutissu.fr\/index.php\/wp-json\/wp\/v2\/comments?post=177"}],"wp:featuredmedia":[{"embeddable":true,"href":"https:\/\/atelierdutissu.fr\/index.php\/wp-json\/wp\/v2\/media\/217"}],"wp:attachment":[{"href":"https:\/\/atelierdutissu.fr\/index.php\/wp-json\/wp\/v2\/media?parent=177"}],"wp:term":[{"taxonomy":"product_brand","embeddable":true,"href":"https:\/\/atelierdutissu.fr\/index.php\/wp-json\/wp\/v2\/product_brand?post=177"},{"taxonomy":"product_cat","embeddable":true,"href":"https:\/\/atelierdutissu.fr\/index.php\/wp-json\/wp\/v2\/product_cat?post=177"},{"taxonomy":"product_tag","embeddable":true,"href":"https:\/\/atelierdutissu.fr\/index.php\/wp-json\/wp\/v2\/product_tag?post=177"}],"curies":[{"name":"wp","href":"https:\/\/api.w.org\/{rel}","templated":true}]}}